e
Is 2 a factor of 251091?
False
Does 7 divide 708442?
True
Is 628431 a multiple of 332?
False
Is 85 a factor of 521985?
True
Is 453581 a multiple of 30?
False
Does 13 divide 1316935?
False
Is 80960 a multiple of 10?
True
Is 18 a factor of 209286?
True
Is 928 a factor of 294938?
False
Does 5 divide 4775?
True
Is 25 a factor of 5022615?
False
Is 18291 a multiple of 18?
False
Is 183176 a multiple of 14?
True
Is 21 a factor of 128014?
False
Is 187 a factor of 262735?
True
Is 254 a factor of 1756664?
True
Does 140 divide 1083880?
True
Is 512 a factor of 3557376?
True
Is 113 a factor of 105514?
False
Is 690 a factor of 2971140?
True
Does 4 divide 296640?
True
Is 7 a factor of 2883855?
False
Is 299 a factor of 1809249?
True
Does 62 divide 5768294?
True
Is 13 a factor of 3504163?
True
Is 323244 a multiple of 31?
False
Does 11 divide 7860?
False
Does 20 divide 97200?
True
Is 230012 a multiple of 9?
False
Does 143 divide 239947?
False
Is 10 a factor of 320890?
True
Does 7 divide 86205?
True
Does 183 divide 651584?
False
Does 25 divide 64075?
True
Is 13 a factor of 3919070?
False
Is 7494688 a multiple of 46?
True
Is 63 a factor of 61704?
False
Does 757 divide 4655519?
False
Is 309225 a multiple of 25?
True
Does 56 divide 1299033?
False
Does 48 divide 557568?
True
Is 16010388 a multiple of 19?
True
Is 772616 a multiple of 38?
True
Is 34 a factor of 676600?
True
Is 5 a factor of 38785?
True
Is 5375907 a multiple of 224?
False
Is 118031 a multiple of 182?
False
Is 1517877 a multiple of 8?
False
Does 3 divide 75366?
True
Is 184248 a multiple of 3?
True
Is 1458 a factor of 10136016?
True
Is 208 a factor of 365664?
True
Does 835 divide 1137270?
True
Is 171690 a multiple of 507?
False
Is 13 a factor of 242553?
False
Is 47 a factor of 3766815?
True
Is 903 a factor of 2897727?
True
Is 1190 a factor of 585801?
False
Is 35 a factor of 32168967?
False
Is 14 a factor of 742462?
True
Is 2741270 a multiple of 35?
True
Is 731695 a multiple of 410?
False
Does 39 divide 17100058?
False
Does 148 divide 3543?
False
Is 8 a factor of 2026858?
False
Is 30 a factor of 2765700?
True
Does 166 divide 255031?
False
Is 10 a factor of 78805?
False
Is 32 a factor of 540760?
False
Is 16 a factor of 137952?
True
Is 14 a factor of 903518?
True
Does 380 divide 10245?
False
Is 23 a factor of 122429?
True
Does 63 divide 71568?
True
Does 11 divide 95458?
True
Is 17 a factor of 1449735?
False
Does 242 divide 2339352?
False
Is 8095 a multiple of 5?
True
Is 2771130 a multiple of 30?
True
Is 375291 a multiple of 49?
True
Does 94 divide 898688?
False
Does 9 divide 100530?
True
Is 2030376 a multiple of 12?
True
Is 61 a factor of 111458?
False
Does 43 divide 242219?
True
Is 4561485 a multiple of 5?
True
Is 5345 a multiple of 2?
False
Does 14 divide 544409?
False
Does 237 divide 652224?
True
Is 338627 a multiple of 72?
False
Is 264 a factor of 538913?
False
Is 63156 a multiple of 228?
True
Does 13 divide 239045?
False
Does 25 divide 96275?
True
Is 741246 a multiple of 33?
True
Is 279234 a multiple of 55?
False
Is 61603 a multiple of 57?
False
Is 289 a factor of 206684?
False
Does 27 divide 5973620?
False
Is 7 a factor of 9772469?
True
Is 388 a factor of 5100028?
False
Is 350835 a multiple of 479?
False
Does 354 divide 169566?
True
Is 19 a factor of 321288?
False
Is 8459148 a multiple of 621?
False
Is 182556 a multiple of 24?
False
Is 172312 a multiple of 14?
True
Is 1967 a factor of 22389540?
False
Is 21 a factor of 436170?
True
Is 77160 a multiple of 15?
True
Does 14 divide 1013194?
True
Does 113 divide 2160758?
False
Is 144704 a multiple of 133?
True
Does 254 divide 118424?
False
Is 2421189 a multiple of 498?
False
Does 462 divide 5023326?
True
Is 28 a factor of 11665672?
False
Is 36207 a multiple of 81?
True
Is 8 a factor of 250640?
True
Does 9 divide 2693628?
True
Is 19 a factor of 67033?
False
Is 171 a factor of 152019?
True
Is 9428125 a multiple of 431?
True
Does 41 divide 5407490?
True
Is 218 a factor of 235944?
False
Is 957 a factor of 2511763?
False
Does 139 divide 15985?
True
Is 247616 a multiple of 16?
True
Does 171 divide 15846163?
False
Is 38 a factor of 14961664?
True
Is 134960 a multiple of 20?
True
Is 21 a factor of 7080024?
True
Does 4 divide 7482380?
True
Does 771 divide 1349250?
True
Is 599040 a multiple of 36?
True
Is 12 a factor of 853103?
False
Is 293 a factor of 798132?
True
Does 20 divide 1742137?
False
Does 17 divide 866287?
False
Does 862 divide 7784722?
True
Is 970090 a multiple of 55?
True
Is 21 a factor of 1434539?
False
Is 8 a factor of 4939899?
False
Is 129 a factor of 1767300?
True
Is 106 a factor of 19292083?
False
Is 1360506 a multiple of 6?
True
Is 2743910 a multiple of 13?
True
Does 10 divide 400786?
False
Is 36 a factor of 121969?
False
Is 26 a factor of 16146?
True
Is 213 a factor of 124392?
True
Is 6 a factor of 77614?
False
Is 150 a factor of 3964238?
False
Is 539763 a multiple of 21?
True
Does 139 divide 1202696?
False
Is 11 a factor of 1517087?
True
Is 4 a factor of 26061?
False
Is 6659 a multiple of 2?
False
Does 625 divide 5925427?
False
Is 176 a factor of 981011?
False
Does 32 divide 1323744?
True
Is 14080 a multiple of 22?
True
Does 4 divide 47342?
False
Is 7135442 a multiple of 25?
False
Does 40 divide 191280?
True
Is 38579 a multiple of 282?
False
Does 6 divide 3431990?
False
Is 1160115 a multiple of 272?
False
Is 614384 a multiple of 376?
True
Is 19908 a multiple of 22?
False
Is 10 a factor of 428100?
True
Is 741 a factor of 1870902?
False
Is 345 a factor of 136331?
False
Does 148 divide 46472?
True
Does 397 divide 4335495?
False
Does 321 divide 91164?
True
Is 22 a factor of 304722?
True
Does 205 divide 86920?
True
Is 89 a factor of 1639304?
False
Is 3 a factor of 8545?
False
Is 20 a factor of 11704207?
False
Is 3733209 a multiple of 27?
True
Is 106 a factor of 100064?
True
Is 2 a factor of 427245?
False
Is 33 a factor of 26995782?
True
Does 35 divide 526645?
True
Is 15 a factor of 677610?
True
Does 86 divide 34412?
False
Is 35 a factor of 1619380?
True
Is 96550 a multiple of 356?
False
Is 200841 a multiple of 251?
False
Does 26 divide 477208?
False
Does 11 divide 3862924?
False
Is 5 a factor of 17321?
False
Does 168 divide 9071160?
True
Does 15 divide 17641068?
False
Is 978120 a multiple of 440?
True
Is 5717051 a multiple of 31?
True
Is 17 a factor of 173247?
True
Does 627 divide 312511?
False
Does 347 divide 1962?
False
Does 32 divide 4553?
False
Does 408 divide 1599768?
True
Is 98697 a multiple of 118?
False
Is 18743002 a multiple of 29?
False
Does 2 divide 78984?
True
Is 1091272 a multiple of 114?
False
Is 9 a factor of 13407084?
True
Is 135 a factor of 164160?
True
Does 8 divide 6920080?
True
Is 14 a factor of 11474616?
False
Is 10 a factor of 271389?
False
Does 260 divide 165940?
False
Does 52 divide 100950?
False
Does 16 divide 416174?
False
Is 20 a factor of 3607280?
True
Is 1854378 a multiple of 71?
True
Does 245 divide 24745?
True
Is 33 a factor of 69003?
True
Is 133 a factor of 102277?
True
Is 4 a factor of 71634?
False
Does 3 divide 1267278?
True
Does 31 divide 275466?
True
Is 53 a factor of 3565310?
True
Is 7 a factor of 6695?
False
Is 278 a factor of 21962?
True
Is 21083 a multiple of 106?
False
Is 329713 a multiple of 232?
False
Is 6505070 a multiple of 286?
True
Does 44 divide 454885?
False
Does 2 divide 65529?
False
Is 145 a factor of 1590070?
True
Does 55 divide 346225?
True
Is 803300 a multiple of 580?
True
Is 154350 a multiple of 147?
True
Is 23 a factor of 83674?
True
Does 8 divide 23136?
True
Is 40061 a multiple of 11?
False
Is 20 a factor of 42298?
False
Is 467236 a multiple of 287?
True
Is 31 a factor of 4428052?
False
Does 439 divide 1571181?
True
Is 62635 a multiple of 52?
False
Is 12 a factor of 150738?
False
Does 13 divide 435513?
True
Is 42 a factor of 13076507?
False
Does 39 divide 35607?
True
Does 50 divide 4579400?
True
Is 69 a factor of 6660476?
False
Does 34 divide 8070296?
False
Does 237 divide 1384339?
False
Is 2676154 a multiple of 755?
False
Is 405 a factor of 811318?
False
Is 19800 a multiple of 2?
True
Is 4132863 a multiple of 63?
True
Does 75 divide 31583?
False
Is 1715137 a multiple of 31?
True
Is 9248768 a multiple of 2048?
True
Does 11 divide 5299019?
True
Is 320 a factor of 609409?
False
Does 344 divi